2
Calculate the remainder when 19665 is divided by 44.
41
Calculate the remainder when 4295 is divided by 127.
104
What is the remainder when 31371 is divided by 3898?
187
What is the remainder when 15079 is divided by 133?
50
Calculate the remainder when 7082 is divided by 371.
33
What is the remainder when 91985 is divided by 100?
85
What is the remainder when 122921 is divided by 170?
11
What is the remainder when 5805 is divided by 98?
23
What is the remainder when 41514 is divided by 6848?
426
Calculate the remainder when 9713 is divided by 1077.
20
What is the remainder when 67261 is divided by 16700?
461
What is the remainder when 14882 is divided by 86?
4
Calculate the remainder when 723855 is divided by 17.
12
What is the remainder when 58265 is divided by 78?
77
What is the remainder when 6717 is divided by 3351?
15
What is the remainder when 173065 is divided by 19?
13
What is the remainder when 1933 is divided by 14?
1
What is the remainder when 5977 is divided by 453?
88
Calculate the remainder when 565 is divided by 151.
112
Calculate the remainder when 114957 is divided by 958.
955
Calculate the remainder when 16474 is divided by 91.
3
Calculate the remainder when 51099 is divided by 166.
137
Calculate the remainder when 394527 is divided by 15780.
27
Calculate the remainder when 8859 is divided by 8838.
21
What is the remainder when 32832 is divided by 49?
2
What is the remainder when 8981 is divided by 4429?
123
Calculate the remainder when 9074 is divided by 120.
74
What is the remainder when 44379 is divided by 14621?
516
Calculate the remainder when 62725 is divided by 10.
5
What is the remainder when 2126 is divided by 604?
314
Calculate the remainder when 1449 is divided by 39.
6
Calculate the remainder when 7461 is divided by 299.
285
Calculate the remainder when 1965 is divided by 161.
33
Calculate the remainder when 8559 is divided by 3752.
1055
What is the remainder when 286570 is divided by 2985?
10
Calculate the remainder when 21290 is divided by 78.
74
Calculate the remainder when 245328 is divided by 129.
99
Calculate the remainder when 28807 is divided by 15.
7
What is the remainder when 1287906 is divided by 45?
6
Calculate the remainder when 671541 is divided by 54.
51
Calculate the remainder when 782410 is divided by 37.
8
Calculate the remainder when 366944 is divided by 66.
50
Calculate the remainder when 1683 is divided by 865.
818
What is the remainder when 6097 is divided by 2813?
471
Calculate the remainder when 144841 is divided by 7.
4
What is the remainder when 2779 is divided by 253?
249
Calculate the remainder when 170082 is divided by 16988.
202
What is the remainder when 7338 is divided by 369?
327
Calculate the remainder when 13984 is divided by 42.
40
What is the remainder when 2457 is divided by 181?
104
What is the remainder when 23384 is divided by 7783?
35
Calculate the remainder when 2193 is divided by 254.
161
What is the remainder when 60612 is divided by 5047?
48
Calculate the remainder when 34404 is divided by 5734.
0
What is the remainder when 22269 is divided by 1710?
39
What is the remainder when 8369 is divided by 1410?
1319
Calculate the remainder when 18050 is divided by 18.
14
What is the remainder when 95236 is divided by 7323?
37
What is the remainder when 36004 is divided by 837?
13
Calculate the remainder when 52412 is divided by 96.
92
What is the remainder when 31447 is divided by 10477?
16
Calculate the remainder when 32688 is divided by 337.
336
What is the remainder when 815897 is divided by 820?
817
Calculate the remainder when 5504 is divided by 34.
30
Calculate the remainder when 37832 is divided by 115.
112
What is the remainder when 33717 is divided by 397?
369
Calculate the remainder when 5156 is divided by 35.
11
What is the remainder when 939883 is divided by 428?
423
Calculate the remainder when 1738 is divided by 582.
574
What is the remainder when 96378 is divided by 634?
10
What is the remainder when 3081 is divided by 526?
451
What is the remainder when 235022 is divided by 7833?
32
What is the remainder when 3042 is divided by 35?
32
What is the remainder when 170624 is divided by 34119?
29
Calculate the remainder when 87292 is divided by 194.
186
Calculate the remainder when 56022 is divided by 463.
462
Calculate the remainder when 94982 is divided by 23743.
10
Calculate the remainder when 954086 is divided by 16.
6
Calculate the remainder when 22127 is divided by 22118.
9
What is the remainder when 1095 is divided by 168?
87
What is the remainder when 10664 is divided by 191?
159
Calculate the remainder when 7268 is divided by 224.
100
Calculate the remainder when 668079 is divided by 6.
3
What is the remainder when 95018 is divided by 181?
174
What is the remainder when 11219 is divided by 137?
122
Calculate the remainder when 900 is divided by 118.
74
Calculate the remainder when 169382 is divided by 543.
509
Calculate the remainder when 68244 is divided by 32.
20
Calculate the remainder when 24416 is divided by 92.
36
What is the remainder when 157822 is divided by 144?
142
Calculate the remainder when 39365 is divided by 107.
96
What is the remainder when 713 is divided by 143?
141
What is the remainder when 3585 is divided by 91?
36
Calculate the remainder when 603 is divided by 74.
11
Calculate the remainder when 3293770 is divided by 166.
164
Calculate the remainder when 15903 is divided by 5280.
63
What is the remainder when 1298 is divided by 204?
74
Calculate the remainder when 1453387 is divided by 28.
19
What is the remainder when 25684 is divided by 247?
243
Calculate the remainder when 58011 is divided by 19289.
144
What is the remainder when 783 is divided by 265?
253
What is the remainder when 1911 is divided by 528?
327
Calculate the remainder when 84970 is divided by 423.
370
What is the remainder when 115359 is divided by 1296?
15
What is the remainder when 787272 is divided by 25?
22
Calculate the remainder when 7964 is divided by 199.
4
What is the remainder when 224239 is divided by 382?
5
Calculate the remainder when 2683902 is divided by 5.
2
What is the remainder when 5252 is divided by 11?
5
Calculate the remainder when 129868 is divided by 185.
183
What is the remainder when 1087801 is divided by 14700?
1
Calculate the remainder when 6623 is divided by 586.
177
What is the remainder when 8978 is divided by 248?
50
Calculate the remainder when 806761 is divided by 14.
11
What is the remainder when 157357 is divided by 564?
1
Calculate the remainder when 227168 is divided by 233.
226
What is the remainder when 45075 is divided by 644?
639
What is the remainder when 375600 is divided by 62599?
6
What is the remainder when 13415 is divided by 13411?
4
Calculate the remainder when 176570 is divided by 405.
395
What is the remainder when 14471 is divided by 49?
16
Calculate the remainder when 8183 is divided by 8166.
17
Calculate the remainder when 1845 is divided by 381.
321
Calculate the remainder when 229 is divided by 139.
90
Calculate the remainder when 13089 is divided by 108.
21
Calculate the remainder when 524 is divided by 80.
44
What is the remainder when 2355 is divided by 1062?
231
What is the remainder when 3161 is divided by 2502?
659
What is the remainder when 10818 is divided by 55?
38
Calculate the remainder when 495502 is divided by 1982.
2
What is the remainder when 810 is divided by 356?
98
What is the remainder when 465762 is divided by 93148?
22
Calculate the remainder when 73541 is divided by 293.
291
What is the remainder when 436585 is divided by 294?
289
Calculate the remainder when 151369 is divided by 47.
29
What is the remainder when 17143 is divided by 746?
731
What is the remainder when 743 is divided by 47?
38
What is the remainder when 1171 is divided by 236?
227
Calculate the remainder when 2028 is divided by 109.
66
What is the remainder when 563 is divided by 24?
11
What is the remainder when 162541 is divided by 81257?
27
What is the remainder when 68915 is divided by 34?
31
What is the remainder when 86042 is divided by 2048?
26
What is the remainder when 19105 is divided by 6366?
7
Calculate the remainder when 3844 is divided by 161.
141
What is the remainder when 153717 is divided by 28?
25